s divided by b?
48
Let v(t) = -t**3 + 9*t**2 + 34*t - 30. What is the remainder when 167 is divided by v(11)?
65
Suppose 138*z = 151*z - 481. Calculate the remainder when 2958 is divided by z.
35
Let m(i) = -298*i + 8649. What is the remainder when 1226 is divided by m(29)?
1
Let q be (10/60)/(159/(-54) + 3). What is the remainder when 53 is divided by (-75)/30*(-6)/q?
3
Let w = 1654 + -1592. What is the remainder when 188 - (-4*(2 - 3) - 0) is divided by w?
60
What is the remainder when 435 is divided by (-100)/1050 + (-1892)/(-21)?
75
Let l = -106 + 367. Suppose -1 = -3*q + 5*o, 0*q - 5*o = -2*q - 1. Suppose -5*b = -q*b - l. Calculate the remainder when b is divided by 30.
27
Suppose -u = -0*u + 4*a + 61, -u - 33 = -3*a. Suppose 0 = -f - 4*h + 43, 3*f - 6*h - 161 = -2*h. What is the remainder when f is divided by 9/u - (-132)/10?
12
Let w(s) be the second derivative of 0 - 1/3*s**3 - 13/2*s**2 - 23*s. What is the remainder when 14 is divided by w(-8)?
2
Let v(s) = -844*s - 80. Let a be v(-12). Suppose -52*q + a = -36*q. Calculate the remainder when q is divided by 45.
43
Suppose 3*a = 3*d + 27, -5*a + 3*d + 72 = 23. Let o = -774 + 936. What is the remainder when o is divided by a?
8
Let n = -5721 + 8022. What is the remainder when n is divided by 767?
0
Let c be (3 + -8 - -11) + -147. Let a = 161 + c. What is the remainder when 95 is divided by a?
15
Calculate the remainder when 2146 is divided by ((-18)/22 + 16/(-88))*(-17666)/73.
210
Suppose 3*k = 2*g + 2 + 10, -3*k - g = -12. Suppose 2*v - k = -0*v, -494 = -2*n + 4*v. What is the remainder when n is divided by 86?
79
Let j(q) = -2*q**3 + 2*q**2 - 9*q + 18. Let f be j(4). Suppose m = -5*t - 99, 0 = 2*t - 0*t. Let n = m - f. Calculate the remainder when n is divided by 4.
3
Suppose -2 = t - 6, 2*y = t + 98. Let f(u) = 23*u**2 - 244*u + 1013. Calculate the remainder when f(4) is divided by y.
48
Let c = 14406 + 7165. Calculate the remainder when c is divided by 51.
49
Let y = 5551 - 5483. What is the remainder when 402 is divided by y?
62
Let p(l) be the second derivative of l**4/6 + 31*l**3/3 - 5*l**2 - 2*l + 61. Calculate the remainder when p(-33) is divided by 33.
23
Let m(u) = u**3 + 14*u**2 + 18. Let r be m(-14). Let c = 75 - r. Let k(v) = 29*v**2 + v. What is the remainder when c is divided by k(1)?
27
Suppose 3*w = 4*g + 568, -82*w + 77*w = 2*g - 964. What is the remainder when 366 is divided by w?
174
Suppose 4*d = 2*v + 68, -4*d - 3*v + 47 = -51. Suppose 15 = 3*p - 27. What is the remainder when d is divided by p?
6
Suppose -58*b - 3*y = -55*b - 306, y + 222 = 2*b. Let x(a) = a + 323. What is the remainder when x(0) is divided by b?
107
Suppose 2211 = -45*r - 3189. What is the remainder when 342 is divided by 5/(-5*8/r)?
12
Suppose 29 = 5*h - 91. Let m be ((-1612)/(-8) - 4/(-8))/1. Let z = -107 + m. Calculate the remainder when z is divided by h.
23
Let b(m) = -174*m - 4255. Calculate the remainder when b(-25) is divided by 36/(1*(-3)/(-2)).
23
Calculate the remainder when 5 + ((-2255)/(-2) - 7*4/56) is divided by 17.
10
Let m(z) be the third derivative of -z**5/30 + 7*z**4/8 + 7*z**3/6 - 40*z**2 + 3*z. Calculate the remainder when m(9) is divided by 19.
15
Let o(y) = -60*y - 461. Let n be o(-8). Let f(d) = -d**2 + 11*d - 3. Let s be f(5). Let m = s - n. What is the remainder when 77 is divided by m?
5
Let t = -85 - -95. What is the remainder when 153 is divided by t?
3
Let u = 35993 - 35745. Calculate the remainder when 992 is divided by u.
0
Let u(o) = -3*o**2 + 5*o - 18. Let c be u(3). What is the remainder when 39 is divided by -5*(1 + 108/c)?
0
Suppose -1688 = 12*n - 4*n. Let h = n - -237. Calculate the remainder when h is divided by 15.
11
Let x be (3/(-2))/(15/(-20)). Suppose -f + 10 = -x*b - 10, f = -3*b + 45. Calculate the remainder when f is divided by (-38)/133 + -8 + (-1020)/(-42).
14
Calculate the remainder when 9 + 20 + (-372)/(-2) is divided by 41.
10
Let d = -1814 + 2059. Calculate the remainder when d is divided by 220.
25
Let x = -23 - -25. Suppose x*q + 7 - 3 = 0. Calculate the remainder when 29 is divided by (2 - -4)/(q + 3).
5
Let a = 1286 - 1179. What is the remainder when 132 is divided by a?
25
Let m(b) be the first derivative of 7*b**2 + 22*b + 5 - 1/3*b**3. What is the remainder when m(9) is divided by 18?
13
Let i be 2 - (-10 - (6 - 7)). Suppose i*a + 51 = 5*u + 13*a, -5*u = 3*a - 49. Calculate the remainder when 43 is divided by u.
10
Let i(m) = 2*m**3 - 72*m**2 + 4. Let z be i(36). Suppose -164 = -2*f + l + 72, -2*f + 236 = z*l. What is the remainder when f is divided by 32?
22
Suppose -3*u + 1115 = 5*b, 5*b + 5*u - 1095 = 6*u. Calculate the remainder when b is divided by 4.
0
Suppose -4*b - 31 = -5*b. Suppose b = -a + 2*a + 4*i, 4*a = -2*i + 54. Calculate the remainder when (48/26)/(21/182) is divided by a.
5
What is the remainder when 92499/99 + 4/(-3) - (-13 + 8) is divided by 302?
32
Let w(s) = -s**3 + 3*s**2 + 38*s - 99. What is the remainder when 9099 is divided by w(3)?
9
Calculate the remainder when (467/(-2))/((-156)/(-104))*-3 is divided by 78.
77
Let z be (-70)/(-40) - 2/(-8) - 73. Suppose -21*v = -5*v + 944. Let b = v - z. Calculate the remainder when 33 is divided by b.
9
Let n(j) = 3*j**2 + 60*j - 607. Calculate the remainder when 1032 is divided by n(10).
153
Let v(t) = t**3 - 3*t**2 + 32*t - 84. Calculate the remainder when 846 is divided by v(4).
6
Suppose -10*v + 13*v = 21. Let j(q) = -28 + 3 + 3*q - 5 - v. What is the remainder when 12 is divided by j(14)?
2
Let o(u) = -19*u - 12. Let z be o(0). Let v = 7 - 12. Calculate the remainder when 81 is divided by (-72)/v + z/30 + 0.
11
Let i(g) be the second derivative of -g**4/12 + g**3 + 7*g**2/2 + 2*g. Calculate the remainder when 5586/168 + 1/(-4) is divided by i(6).
5
Suppose 0 = -o - a + 208, -5*o + 2*a + 786 = -219. Suppose -20*i + 27*i = o. What is the remainder when 109 is divided by i?
22
Let u(m) = 125*m - 59. Let i be u(2). Let s = -154 + i. What is the remainder when 141 is divided by s?
30
Let t = 52 + -51. Let p be (-1 + t + 1)*(5 - 13). What is the remainder when 87 is divided by ((-54)/p)/(6/16)?
15
Let l = 600 + -294. Let t be 2/6 - 50/(-30). Suppose -m + l = t*m. Calculate the remainder when m is divided by 35.
32
Let q(r) = -320*r + 13783. Suppose 5*b - 3*p - 663 = p, 4*b = -5*p + 555. What is the remainder when b is divided by q(43)?
20
Let m be 11/((-1)/(-70)*(0 + 1)). Suppose m = -15*o + 37*o. What is the remainder when o is divided by 8?
3
What is the remainder when 315/1155 - 9542/(-22) is divided by 61?
7
Let l(t) = 20*t**3 - 2*t**2 + 2*t - 1. Suppose 38*j + 192909 = 2*j + 196257. Calculate the remainder when j is divided by l(1).
17
Let r = 11391 - 11264. Suppose -180 = 5*v - 10*v. Calculate the remainder when r is divided by v.
19
Suppose 78*w - 83*w = -4*o - 281, 65 = w - 3*o. Calculate the remainder when w is divided by 14.
11
Suppose 2*x = -3*m + 27 + 172, -339 = -5*m + 4*x. Calculate the remainder when m is divided by 1664/512 + (-2)/8.
1
Suppose -z + 3*d + 183 = 0, -2*z + 361 = -10*d + 5*d. Suppose 40*b - 36*b = z. Calculate the remainder when 138 is divided by b.
12
Let d = -22 + 63. Let r = d + -41. Suppose r = -2*o - l + 29, -6*o + 57 = -2*o + l. Calculate the remainder when 26 is divided by o.
12
Calculate the remainder when 148 is divided by (-52)/((-11)/(176/8)).
44
Suppose 3306*d - 3291*d - 24390 = 0. What is the remainder when d is divided by 148?
146
Suppose -2*h - 2*m + 30 = -22, 4*h - 104 = 5*m. What is the remainder when 1142 is divided by h?
24
Suppose 0*v + 754 = 13*v. What is the remainder when (-11)/(4*(-3)/252) is divided by v?
57
Let z = 11906 - 9135. Calculate the remainder when z is divided by 103.
93
Suppose -2*i + 439 = 4*v - 529, 3*i = 4*v - 958. Calculate the remainder when 986 is divided by v.
22
Let m be (-12576)/80 + (-8)/10. Let c = 187 + m. Suppose -8 = 2*z - 0*z, 0 = 3*w + 4*z - 35. What is the remainder when c is divided by w?
12
Suppose 0 = 2*s - 6*s - 680. Suppose -4*w + 95 = -m, 3*m + 2*w + 229 = -0*w. Let r = m - s. What is the remainder when r is divided by 32?
27
Let f(o) = -7*o**3 - o**2 + 2*o + 2. Let g be f(-2). Suppose -42*k = -g*k + 112. Calculate the remainder when k is divided by 7.
0
Let m be (4 + -8 + 4)/1. Su